the tens digit of x?
1
Let x be (-2)/(-9) - 0 - (-112)/(-18). Let r be 3 + x/(-15)*5. Suppose -r*i + 4*i + 63 = 0. What is the units digit of i?
3
Let m(l) = 2888*l**2 + 47*l + 79. What is the ten thousands digit of m(-2)?
1
Let u be 64/5 + ((-28)/35)/1. Suppose 2*x - 2968 = -u*x. What is the units digit of x?
2
Suppose -3*b - 4*v + 25811 = 0, 3*b + 5*v = 21701 + 4109. Suppose 10*l - 30065 = -b. What is the units digit of l?
6
Let f(z) = -z**3 - 11*z**2 - 8*z - 12. Let u be f(-15). Suppose -l + 251 = o, -4*o - 5*l + 2*l = -u. What is the units digit of o?
5
Let d(z) be the first derivative of -1 + 18 - 14*z**2 + 4 - 41*z. What is the hundreds digit of d(-6)?
1
Suppose -16 = 2*x + 2*m - 10, -2*x + m = 18. What is the hundreds digit of 9858/27 + x/63?
3
Let f(c) = c**3 - 5*c**2 + 3*c + 8. Let a(u) = -10*u - 92. Let j be a(-10). What is the units digit of f(j)?
4
Suppose 23343 = 24*a - 43977. What is the hundreds digit of a?
8
Suppose 0 = -4*h - 3*y + 138924, 22*h = 20*h + 2*y + 69462. What is the hundreds digit of h?
7
Let b(m) = 3*m**2 + 17*m + 20. Let z be b(-4). Suppose -n + 419 + 61 = z. What is the hundreds digit of n?
4
Let m = 1149 + -948. Let p = -186 - -328. Let n = m - p. What is the units digit of n?
9
Suppose -h = -12*f + 16*f - 40913, -5*f + 51133 = 4*h. What is the hundreds digit of f?
2
Let u = 18450 + -10181. What is the hundreds digit of u?
2
Suppose 2*l - 6 - 4 = 0. Suppose w + 15 = 3*o - 23, 0 = -3*w + l*o - 98. Let h = w - -35. What is the units digit of h?
9
Suppose 0 = -2*k + 469*t - 468*t + 9220, 0 = 2*k - 3*t - 9232. What is the hundreds digit of k?
6
Suppose 6*a - 2*h = a + 16, -3*h - 19 = -5*a. Suppose 2*f - 1294 = -2*o, 0 = 3*f + a*f - 5*o - 3285. What is the units digit of f?
2
Let u be ((-7)/2 - -3)*-12. What is the hundreds digit of (-4)/u*120/(-16) - -233?
2
Let j(t) = 9*t - 21. Let f be j(3). Suppose 3*i - 5*c - 174 = -f*c, -3*c + 180 = 3*i. What is the tens digit of i?
5
Let x be (-6)/(-8) + (-238)/(-56). Let l(j) = 4*j**3 - 10*j**2 - 14*j + 8. What is the tens digit of l(x)?
8
Let u(k) = -14*k + 667. What is the tens digit of u(30)?
4
Let l(h) = h**3 + 14*h**2 + 3*h + 20. Let a be l(-14). Let b = a + 27. What is the tens digit of 126/(-15)*(-25)/b?
4
Let m(b) = -b + 16. Let x be m(12). Suppose -16 = -4*v, x*v = -4*c + c + 16. Suppose c = -26*z + 19*z + 1876. What is the tens digit of z?
6
Let p(i) = -4*i + 123. Let t(x) = 11*x - 370. Let c(n) = -8*p(n) - 3*t(n). What is the hundreds digit of c(19)?
1
Suppose 394776 = 25*z + 57026. What is the thousands digit of z?
3
Let n = -223 - -217. What is the units digit of (452 - -7 - -4) + n?
7
Suppose b - 2704 = 5*u, -4*b + 761 = -5*u - 1940. Let l = u + 984. What is the units digit of l?
3
Let x(o) = o - 9. Let d be x(11). What is the hundreds digit of (95/(-2))/(11/6 - d)?
2
What is the thousands digit of (-675364)/(-42) + 432/(-4536) + 0 + 2?
6
Suppose c = -2*g + 597, 5*c - 1441 = -5*g + 1539. Let z = c - 323. What is the tens digit of z?
7
Suppose -2*j = v + 15, 21 = -5*j - 3*v + 6*v. What is the tens digit of (-20)/(-6)*(-63)/j?
3
Suppose -7*u = 4*f - 12*u - 2426, 3*u = -4*f + 2442. What is the units digit of f?
9
Suppose 34*q - 508508 = -93*q. What is the hundreds digit of q?
0
Let w = -3267 - -10385. What is the hundreds digit of w?
1
Let l = 28777 + -13515. What is the thousands digit of l?
5
Let b = 2927 + 670. What is the tens digit of b?
9
Let b(a) = 14*a + 9. Let z be b(-4). Let u = z - -50. Suppose i - 154 = u*h, 0 = 3*i - 2*h - 258 - 211. What is the tens digit of i?
5
What is the ten thousands digit of (-1)/2 - 1893358/(-68)?
2
Let a(s) = 2*s**2 + 2*s - 1. Let b be a(-4). Let h(f) = 4*f + 16. Let q be h(-3). Suppose -q*k + 351 = b. What is the units digit of k?
2
Suppose 21664 = y - 2*f, 45607 = 4*y - 5*f - 41040. What is the units digit of y?
8
Suppose 0 = 7*s - 37 + 23. What is the units digit of (s/8)/(6/9624)?
1
Let g = 9127 - 1483. What is the tens digit of g?
4
Let c = 38 - 36. Suppose 3*j - c*j = 347. What is the units digit of j?
7
Suppose 0 = -12*f - 803 - 121. Suppose 0 = 2*c + 1 + 9. Let m = c - f. What is the units digit of m?
2
Suppose 5*z + 161*a - 165*a = 159754, 0 = 4*z - 4*a - 127808. What is the units digit of z?
6
Let o = 26892 + -13367. What is the tens digit of o?
2
Let z = 86960 - 30518. What is the tens digit of z?
4
Suppose 28*i + 575 = 5*i. Let x(k) = -k**2 - 37*k + 104. What is the hundreds digit of x(i)?
4
Let c(g) = 21*g**3 + 9*g - 835 - g**2 + 857 - 103*g**3. What is the units digit of c(-2)?
6
Let x(k) = 474*k**2 + 78*k + 18. Let r be x(-8). Suppose -13*o = 2*o - r. What is the thousands digit of o?
1
Let f(y) = -22*y + 47. Let n(l) = l**2 - 8*l + 8. Let d be n(5). Let o be f(d). Suppose 14*i - 15*i + o = 0. What is the tens digit of i?
0
Let t = -3531 - -8161. What is the units digit of t?
0
Let p be -1*(-5 + 6)*136. Let z = p + 361. What is the hundreds digit of z?
2
Let u be (4 + -2)/((-18)/(-27)). What is the hundreds digit of ((-9)/(-6))/u*426?
2
Let u(z) = 5*z + 60. Let n be u(-12). Suppose -4*v - 18 + 50 = 4*q, n = -4*v - q + 20. What is the tens digit of ((-1161)/(-12) - 3/v)/1?
9
Let y(u) = 63*u + 174. Let j be y(-3). What is the units digit of -6 + (-96)/j - 263/(-5)?
3
Suppose 63701 = -26*d + 188542 + 180087. What is the thousands digit of d?
1
Let z = -123 + 123. Suppose -3*b - 4 + 10 = z. What is the units digit of -29*(-9)/(-1 + b)?
1
Let x(r) = -4*r**2 - 5*r + 9. Let f be x(1). Suppose -5710 = -4*o - 5*k, f*o + 1432 = o - k. What is the hundreds digit of o?
4
Suppose -19*a + 15*a + 8 = 0. Suppose -3*c = a*c + 2*w - 1478, -3*c = w - 887. What is the hundreds digit of c?
2
Let q = 26 - 14. Suppose 0 = -3*j + 3*r - 105, 0*j + 3*r - 141 = 4*j. Let n = q - j. What is the units digit of n?
8
Let m(t) be the third derivative of 133*t**5/60 - t**4/3 - 8*t**3/3 + 70*t**2. What is the hundreds digit of m(-2)?
5
What is the hundreds digit of (6 - 12151490/(-221)) + (-12)/102?
9
Let d(c) = c**3 + 32*c**2 + 3*c + 298. What is the units digit of d(15)?
8
Suppose -4*r - 1 + 29 = -2*f, -r = 2*f + 3. Let n be (3 - 0) + (-2 - f). What is the units digit of ((-1)/n - (-13)/(-10))*-48?
2
Let i = 24553 - 22344. What is the tens digit of i?
0
Suppose 2*x = -2*m + 11530, -12*m - 5757 = -x - 15*m. What is the units digit of x?
9
Let v = 18 - 70. Let i = v + 62. Suppose l - 4*d + 14 = 3*l, 0 = -2*l - 5*d + i. What is the tens digit of l?
1
Let p(o) = 6*o + 113. Let c be p(-20). What is the hundreds digit of (8*4)/(3*c/(-252))?
3
Let n = -145 - -151. Suppose -2635 = -4*k + 3*w, w = 4*k + n*w - 2659. What is the hundreds digit of k?
6
Let c(p) = 39*p - 11. Suppose 5*g = 3*v - 253, 31 + 70 = -2*g + v. Let i = g - -54. What is the hundreds digit of c(i)?
1
Let a(d) = 2*d**2 - 8*d - 8. Let b be a(-1). Let q be b + 1 - (-17 - -2). What is the units digit of (-12)/q + 412/18*3?
8
Let z(r) = 190*r + 29. What is the units digit of z(17)?
9
Suppose 18*v = 146919 + 110806 - 80641. What is the tens digit of v?
3
Suppose 255*c = 86*c + 1422663 + 1701302. What is the thousands digit of c?
8
Let c(p) = -3*p - 13. Let l be c(-7). What is the hundreds digit of (l*(-3)/6)/((-10)/875)?
3
Let k(o) = -135*o - 15. Let w be k(2). Let l = 738 + w. What is the units digit of l?
3
Suppose 0 = -13*y + 17*y - 576. Suppose 4*t - y = -n, -2*t + n = -49 - 23. What is the units digit of t?
6
What is the tens digit of (-118077)/(-5) + (5 - 0)/((-3250)/260)?
1
Let h = 20103 - 16243. What is the thousands digit of h?
3
Let y be (-2 - (-8)/3)/(142/(-4047)). What is the units digit of 4/(-2) + (y - -26)?
5
What is the units digit of (51/4 + 0)*(-7 - 16 - -667)?
1
Let g be 1 + 4/2 + 3. Suppose -5*f = -g - 19. Suppose 5*s - 4*h = 380, 3*s - f*h - 220 = -h. What is the tens digit of s?
8
Let n = -5709 + 12600. What is the hundreds digit of n?
8
Suppose 33*q = -24*q - 399. What is the tens digit of 5451/24 - (q + 3)/(-32)?
2
Suppose 3*i + 353 = 350. What is the units digit of 719 - ((-5)/(-6) + i)*6?
0
What is the thousands digit of 5916950/1560 - 2/(-24)?
3
What is the tens digit of (21212/1)/(972/90 + -10)?
1
Suppose 3*t - 12036 = -5*j, -4*t - 1166 + 17214 = 2*j. What is the thousands digit of t?
4
Suppose 0 = -3*z + 4*b - 889, -250 = z + b + 37. What is the hundreds d